er when h is divided by g.
8
Let b = -13 - -87. Suppose -22 = 4*n - b. Calculate the remainder when 24 is divided by n.
11
Suppose 6*w = 10*w - 8. Calculate the remainder when 2 - ((1 - 8) + 6) is divided by w.
1
Let x be (-75)/(-11) - (-2)/11. Suppose -x*f + 2*f = -45. What is the remainder when (-1)/(-3) - 142/(-6) is divided by f?
6
Let m = 76 - 61. Calculate the remainder when 36 is divided by (-1)/((-2)/((-6)/(-9)*m)).
1
Let m = 6 - 1. Let o = 9 - m. Suppose 0 = d - 6 - o. What is the remainder when 27 is divided by d?
7
Let j(c) = -12*c**2 + 159*c - 17. Calculate the remainder when j(13) is divided by 6.
4
Suppose 56 = 36*g - 3220. Calculate the remainder when g is divided by 23.
22
Suppose 36 = 4*f - 36. What is the remainder when f is divided by 1140/210 - 3/7?
3
Let o be 2/3*(-38934)/(-36). Suppose -5*y + 20 + 25 = 0. What is the remainder when (-2)/(-3) - o/(-21) is divided by y?
8
Let m be -2 - (-4)/8*-2. Let y be 4/(-1 - (1 + m)). Suppose -5*l + 4*q = -120, -22 = -y*l - q + 95. Calculate the remainder when 83 is divided by l.
27
Suppose 72 = 4*z + 5*g, -2*z + 3*z = -3*g + 11. Calculate the remainder when z is divided by 12.
11
What is the remainder when (-29)/(320/(-35) + 9) is divided by 11?
5
Suppose -51*h = -55*h + 1112. Calculate the remainder when h is divided by 40.
38
Suppose 10*s = 5*s - 75. Let t = -11 - s. Suppose g = 5*r + 17, 3*g + 3*r + 7 = 2*g. Calculate the remainder when t is divided by g.
0
Suppose 0 = r + 3*h + 33, 4*r + 64 = 8*h - 3*h. Let v be (-4)/6 - 77/r. Suppose -2*n = v*n - 265. Calculate the remainder when n is divided by 14.
11
Let p(u) = 21*u**2 + 29*u - 10. What is the remainder when p(-5) is divided by 62?
60
Suppose 4*w - 3*t + 495 = 0, -3*w = -t + 223 + 152. Let l = -79 - w. Calculate the remainder when l is divided by 17.
13
Let x(z) = 30*z - 203. Calculate the remainder when 229 is divided by x(7).
5
Let m(v) = 4*v - 29. Suppose 25 = 2*r + 5. Let d be m(r). Suppose g - d - 19 = 0. What is the remainder when g is divided by 17?
13
Calculate the remainder when 139 is divided by 36/(-144) + 378/8.
45
Let a(l) = -l**3 + 6*l**2 + 20*l + 3. Suppose -3*j = -3*z - 11 - 1, 0 = -j - 4*z + 19. What is the remainder when a(j) is divided by 14?
10
Suppose 28*l = 18*l + 22*l - 444. Suppose -3*w = 3 + 12. Let i = w + 18. What is the remainder when l is divided by i?
11
Suppose -5*g - 211 = 3*b, 0*b = -b + 4*g - 42. Let i be 15/10*b/(-3). Suppose -10 + i = 3*h. Calculate the remainder when h is divided by 4.
3
What is the remainder when -4*(-10)/32*80 is divided by 34?
32
Suppose 0 = -2*n - j + 6, 4*j = n - 4*n + 9. Let c = n - -46. What is the remainder when c is divided by 10?
9
Let h(t) = 4*t - 15 + 0 - 3*t. Let p be h(11). What is the remainder when 21 is divided by -1*(-2)/p*-24?
9
Suppose 0 = -5*l - 0*l + 10. Let a be (-82)/26 - 6/(-39) - -13. What is the remainder when 8 is divided by a/((-2)/(l + -3))?
3
Let q(d) = d**3 + 5*d**2 - 6*d - 10. Suppose -8*t = -4*t + 32. Let f = 0 - t. What is the remainder when q(-4) is divided by f?
6
Suppose 105 + 25 = -5*c. Let s = 1 - c. Calculate the remainder when s is divided by 14.
13
Suppose -q + 59 = 21. Let f be (-1)/2*(-936)/6. Let o = f - 65. What is the remainder when q is divided by o?
12
Let n = 22 + -43. Calculate the remainder when 75/(-175) + 1 + (-870)/(-21) is divided by 2/7 + (-225)/n.
9
What is the remainder when 40 is divided by -2*10/4 - (0 - 23)?
4
Let p = -278 + 184. Calculate the remainder when 140 is divided by p/(-4 - 6/(-3)).
46
Suppose -3*y + 4*y = 6. Let m(n) = 4*n - 11. Calculate the remainder when m(y) is divided by 7.
6
Let c(s) = 13*s + 88. Let b = -10 + 26. What is the remainder when b is divided by c(-6)?
6
Let k = 164 - 98. Suppose w = -w + k. Suppose h = 2*m + 4*h - 274, 3*m - 405 = -3*h. Calculate the remainder when m is divided by w.
32
Suppose 22*z = 21*z - 3*d + 367, -z = d - 359. Calculate the remainder when z is divided by 38.
13
Let t = -319 - -437. Calculate the remainder when t is divided by 59.
0
Let f(l) = 42*l**2 + 34*l + 32. What is the remainder when 150 is divided by f(-1)?
30
Let m = -1486 - -1558. Calculate the remainder when m is divided by 20.
12
Suppose 47*x - 56*x = -900. What is the remainder when x is divided by 18?
10
What is the remainder when 687 is divided by 1160/29*(1 + 6/(-10))?
15
Suppose -4*i + 3*a = -a - 12, 4*i - 6 = a. Suppose u - 17 = -0*u. What is the remainder when u is divided by 24/(18/3) + i?
2
Suppose 3*d = 3*a + 159, -4*a = -7*a - 15. Suppose -o + 2 = -8. What is the remainder when d is divided by o?
8
Suppose 5*u - 20 = 5. Let z be 4 - 11/((-22)/24). Let p = z - u. Calculate the remainder when 42 is divided by p.
9
What is the remainder when 93 is divided by ((-5)/30 - (-2)/4)*102?
25
Let p = 31 - 27. Suppose 0 = -0*s + p*s - 64. Calculate the remainder when (-2)/((-147)/141 + 1) is divided by s.
15
Let w = -8 + 160. Calculate the remainder when w is divided by 12.
8
Suppose 50 = 4*s - 50. Let j = -7 - -7. Suppose -3*k + 53 + s = j. What is the remainder when 77 is divided by k?
25
Let x(w) = -7*w + 11. Calculate the remainder when x(-11) is divided by 26.
10
Let x = 54 - -146. What is the remainder when x is divided by 17?
13
Let h be ((-8)/3)/((-14)/21). Suppose -23 = -l + 4*u, 0 = h*l + u + 2*u - 16. Calculate the remainder when 39 is divided by l.
4
Suppose -9 + 1 = -2*s. Suppose 3*x + 5 = 3*d - s, -d = -2*x - 2. Suppose -38 = -2*g + z, 3*g - d*z - 67 = -0*z. Calculate the remainder when g is divided by 5.
2
Suppose 4*a - 33 = 111. Let z(s) be the third derivative of -s**4/24 + 19*s**3/6 + 8*s**2. What is the remainder when a is divided by z(0)?
17
Suppose -7*z + 90 = -2*z. Calculate the remainder when z is divided by 70/(-4)*(-18)/(-36)*16/(-20).
4
Let k(q) = q**2 - 21*q + 19. Let n be k(20). Calculate the remainder when 2/1*(-53)/(-2) is divided by (-2 - (-27)/(-3))*n.
9
Suppose 16 = -18*q + 19*q. Suppose 3*n + 91 = q*n. Calculate the remainder when 29 is divided by n.
1
Let b = 22 + 220. Calculate the remainder when b is divided by 61.
59
Let y(p) = -40*p + 34. What is the remainder when y(-4) is divided by 28?
26
Let l(m) = -24*m. What is the remainder when (54/4)/((-120)/(-400)) is divided by l(-1)?
21
Let y = 20 - 23. What is the remainder when ((-34)/(2 + y))/((-10)/(-15)) is divided by 18?
15
Let j be 9/3 + (1 - 17). Let i = j - 20. Calculate the remainder when (-1)/(-2 + (-65)/i) is divided by 12.
9
Let t(f) = 12*f**2 + 3*f + 4. Suppose -92 = -4*b + 4*i, 4*i = -4*b + 54 + 22. What is the remainder when t(-3) is divided by b?
19
Calculate the remainder when (-4)/(-5)*680/16 is divided by 18.
16
Suppose v = -2*c + 21, 0 = -26*v + 27*v - 4*c - 21. What is the remainder when 460 is divided by v?
19
Let p(z) = z**3 - 5*z**2 - 5*z - 23. What is the remainder when p(7) is divided by 26?
14
Suppose -5*u = -u - 448. Suppose 324 - u = 4*k. What is the remainder when k is divided by 15 + -1*(1 + 0)?
11
Let w be 1/2 - (-43)/2. Suppose 3*i - 2 = -2*x - 6, 4*x = i - w. Let b(f) = 5*f - 3. What is the remainder when b(i) is divided by 5?
2
Let m be (-2 + 3)*6*(-39)/6. Let z = 41 + m. What is the remainder when z is divided by 1?
0
Let u = -17 - -12. Let t(h) = -h**3 - 4*h**2 + 3*h + 7. Let l = 1338 + -1290. What is the remainder when l is divided by t(u)?
14
Let q(l) = -l. Let f(t) = -t**2 - 12*t + 10. Let w(s) = -f(s) - 3*q(s). What is the remainder when w(-16) is divided by 2?
0
Let f(d) = 2*d - 2. Suppose -z + 2064 = 42*z. Calculate the remainder when z is divided by f(6).
8
Let x(a) = -a + 12. Let v be x(16). Let u be -4 - (-422*2)/v. Let n = -144 - u. What is the remainder when n is divided by 18?
17
Suppose -r + 51 = -12. Let c = -23 + 26. Calculate the remainder when r/15 + (-8)/(-10) is divided by c.
2
Let i(x) = -4*x**3 + 11*x**2 - 5*x + 4. Let f be i(3). Let p(s) = -s - 4. Calculate the remainder when 27 is divided by p(f).
11
Suppose 3*l + 0*l - 120 = 0. Suppose 28 = -n - g + 6, -2*n - g = 47. Let b = 46 + n. Calculate the remainder when l is divided by b.
19
Let h = -37 + 41. Suppose -i + 194 = 5*k, 0 = 3*i - 4*i + h. What is the remainder when k is divided by 14?
10
Suppose 0 = 3*h + 15 + 15. Let f = h - -16. Calculate the remainder when ((-108)/24)/((-2)/4) is divided by f.
3
